s of 851973689.
7, 121710527
What are the prime factors of 486713775?
3, 5, 43, 150919
What are the prime factors of 5524784926?
2, 19, 113, 1286629
List the prime factors of 70056339.
3, 67, 71, 4909
List the prime factors of 1498035061.
7559, 198179
What are the prime factors of 22031803?
103, 213901
List the prime factors of 221772103.
7, 1019, 31091
What are the prime factors of 300689822?
2, 150344911
List the prime factors of 8543119.
13, 50551
List the prime factors of 1462600929.
3, 15907, 30649
List the prime factors of 2860011058.
2, 1430005529
List the prime factors of 243796479.
3, 81265493
List the prime factors of 42723178.
2, 653, 32713
What are the prime factors of 93213538?
2, 11, 53, 79943
List the prime factors of 104542520.
2, 5, 17, 153739
What are the prime factors of 423434958?
2, 3, 83, 850271
List the prime factors of 194180158.
2, 2371, 40949
What are the prime factors of 36060259?
197, 183047
List the prime factors of 690377195.
5, 138075439
What are the prime factors of 38934938?
2, 7, 2781067
List the prime factors of 394065710.
2, 5, 211, 186761
List the prime factors of 1447973451.
3, 19, 29, 31, 9419
What are the prime factors of 296856951?
3, 563, 175759
List the prime factors of 48695670.
2, 3, 5, 19, 28477
List the prime factors of 308952441.
3, 7, 17, 96157
What are the prime factors of 958526453?
17, 56383909
List the prime factors of 55984084.
2, 13, 1076617
What are the prime factors of 19434080?
2, 5, 23, 5281
List the prime factors of 1878775842.
2, 3, 17, 18419371
What are the prime factors of 352588555?
5, 11, 52981
What are the prime factors of 878963876?
2, 7, 31391567
What are the prime factors of 826965639?
3, 2671, 11467
List the prime factors of 282805745.
5, 56561149
List the prime factors of 1330843032.
2, 3, 1427, 12953
What are the prime factors of 690463779?
3, 230154593
List the prime factors of 69214568.
2, 19, 31, 37, 397
What are the prime factors of 30067590?
2, 3, 5, 7, 67, 2137
List the prime factors of 3132716916.
2, 3, 7, 37294249
What are the prime factors of 55196124?
2, 3, 4599677
What are the prime factors of 2226437?
47, 127, 373
List the prime factors of 651849992.
2, 23, 107, 113, 293
List the prime factors of 24519959.
409, 59951
List the prime factors of 3424964180.
2, 5, 11, 15568019
List the prime factors of 9471213.
3, 31, 83, 409
List the prime factors of 63194973.
3, 29, 726379
List the prime factors of 203762135.
5, 401, 101627
What are the prime factors of 1618039857?
3, 7, 23, 631, 5309
List the prime factors of 46707153.
3, 15569051
List the prime factors of 80401706.
2, 7, 11, 163, 3203
List the prime factors of 91102891.
11, 19, 29, 15031
List the prime factors of 1578313291.
23, 1069, 2791
What are the prime factors of 130974847?
19, 373, 18481
What are the prime factors of 1569741233?
1569741233
List the prime factors of 5589231.
3, 1863077
What are the prime factors of 311679205?
5, 5153, 12097
List the prime factors of 1339343736.
2, 3, 1109, 50321
List the prime factors of 946772220.
2, 3, 5, 71, 222247
List the prime factors of 5982781140.
2, 3, 5, 7, 31, 89, 1721
List the prime factors of 2445291483.
3, 23, 37, 957811
List the prime factors of 160349138.
2, 59, 1358891
List the prime factors of 2712668906.
2, 281, 4826813
List the prime factors of 152668061.
7, 13, 647, 2593
List the prime factors of 286527600.
2, 3, 5, 19, 59, 71
List the prime factors of 3251994992.
2, 409, 431, 1153
What are the prime factors of 171216047?
7283, 23509
List the prime factors of 114044516.
2, 367, 77687
What are the prime factors of 411498547?
411498547
What are the prime factors of 160309089?
3, 157, 113453
List the prime factors of 251521612.
2, 139, 452377
What are the prime factors of 214722040?
2, 5, 13, 19, 103, 211
List the prime factors of 4840372299.
3, 7, 230493919
What are the prime factors of 4346007762?
2, 3, 571, 1268537
What are the prime factors of 63701310?
2, 3, 5, 2123377
What are the prime factors of 189332171?
7, 1129, 23957
What are the prime factors of 1043743980?
2, 3, 5, 17395733
What are the prime factors of 779838061?
779838061
List the prime factors of 568229550.
2, 3, 5, 7, 293, 1847
List the prime factors of 214549827.
3, 269, 265861
List the prime factors of 224611343.
11, 113, 180701
List the prime factors of 4592504441.
7, 101, 659, 9857
List the prime factors of 191029544.
2, 17, 431, 3259
What are the prime factors of 555825750?
2, 3, 5, 741101
List the prime factors of 92615854.
2, 46307927
List the prime factors of 7827380.
2, 5, 11, 47, 757
List the prime factors of 215364806.
2, 17, 6334259
What are the prime factors of 90934780?
2, 5, 31, 146669
What are the prime factors of 61255720?
2, 5, 37, 41389
List the prime factors of 936897611.
13, 71, 1015057
What are the prime factors of 97249595?
5, 2969, 6551
List the prime factors of 2103582976.
2, 11, 29, 25759
What are the prime factors of 56279876?
2, 113, 124513
List the prime factors of 25436495.
5, 7, 223, 3259
What are the prime factors of 104465467?
37, 211, 13381
List the prime factors of 12811871.
19, 47, 14347
List the prime factors of 3757109344.
2, 17, 131, 52721
What are the prime factors of 7925390090?
2, 5, 353, 2245153
What are the prime factors of 5219783480?
2, 5, 130494587
What are the prime factors of 97260901?
37, 61, 43093
List the prime factors of 1943996162.
2, 971998081
What are the prime factors of 596898782?
2, 13499, 22109
What are the prime factors of 14135483?
17, 229, 3631
What are the prime factors of 262483937?
262483937
What are the prime factors of 9257051698?
2, 7867, 588347
What are the prime factors of 159493120?
2, 5, 31151
What are the prime factors of 324859375?
5, 17, 1223
What are the prime factors of 7657065331?
41, 127, 11579
What are the prime factors of 599627142?
2, 3, 29, 947, 1213
What are the prime factors of 293493642?
2, 3, 13, 3762739
List the prime factors of 11062565.
5, 257, 8609
List the prime factors of 268748077.
13, 23, 898823
List the prime factors of 85418690.
2, 5, 7, 461, 2647
What are the prime factors of 14632026?
2, 3, 2438671
List the prime factors of 81401187.
3, 7, 19, 204013
What are the prime factors of 322968461?
23, 14042107
What are the prime factors of 493411625?
5, 7, 80557
List the prime factors of 110845043.
109, 1016927
List the prime factors of 64120203.
3, 7, 1017781
What are the prime factors of 70404831?
3, 7, 41, 97, 281
What are the prime factors of 99699598?
2, 2137, 23327
What are the prime factors of 22342544?
2, 7, 199487
List the prime factors of 79196575.
5, 53, 59771
What are the prime factors of 496533013?
953, 521021
What are the prime factors of 1753190448?
2, 3, 36524801
What are the prime factors of 42489995?
5, 31, 467, 587
List the prime factors of 37475463.
3, 17, 734813
List the prime factors of 834608370.
2, 3, 5, 17, 97, 16871
What are the prime factors of 460609706?
2, 73, 881, 3581
List the prime factors of 309971430.
2, 3, 5, 29, 113, 1051
What are the prime factors of 24868424?
2, 7, 444079
What are the prime factors of 360042205?
5, 73, 986417
What are the prime factors of 183450192?
2, 3, 311, 12289
What are the prime factors of 33878332?
2, 8469583
What are the prime factors of 163364517?
3, 353, 51421
List the prime factors of 98353722.
2, 3, 67, 89, 2749
What are the prime factors of 1284457474?
2, 17, 137, 313, 881
What are the prime factors of 160992098?
2, 80496049
What are the prime factors of 86406119?
86406119
What are the prime factors of 6969358?
2, 11, 31, 929
What are the prime factors of 686286342?
2, 3, 7, 5446717
What are the prime factors of 224146372?
2, 56036593
What are the prime factors of 3131397009?
3, 13, 8921359
List the prime factors of 560601857.
6037, 92861
List the prime factors of 595393774.
2, 297696887
What are the prime factors of 2090884781?
2090884781
What are the prime factors of 120619758?
2, 3, 7, 29, 167, 593
List the prime factors of 203490271.
12911, 15761
What are the prime factors of 76912052?
2, 7, 1289, 2131
List the prime factors of 1634335702.
2, 23, 35529037
What are the prime factors of 77161196?
2, 7, 79, 34883
What are the prime factors of 1469962872?
2, 3, 7, 61, 137, 349
What are the prime factors of 953789568?
2, 3, 